{"id":1177,"date":"2023-10-23T14:18:56","date_gmt":"2023-10-23T17:18:56","guid":{"rendered":"https:\/\/maximaeletrobikes.com.br\/curitiba\/?post_type=product&#038;p=1177"},"modified":"2026-03-18T23:28:51","modified_gmt":"2026-03-19T02:28:51","slug":"scooter-eletrica-500wts-3","status":"publish","type":"product","link":"https:\/\/maximaeletrobikes.com.br\/curitiba\/produto\/scooter-eletrica-500wts-3\/","title":{"rendered":"Scooter El\u00e9trica 500wts &#8211; Bateria Chumbo"},"content":{"rendered":"<p>&#8216;- FORCA DO MOTOR: 500W<br \/>\n&#8211; BATERIA 48V\/20AH<br \/>\n&#8211; PAINEL LCD DISPLAY MULTI-FUN COES<br \/>\n&#8211; SETAS DIANTEIRAS E TRASEIRAS<br \/>\n&#8211; ALARME COM CONTROLE REMOTO ANTI-FURTO<br \/>\n&#8211; TRAVA ANTI FURTO NA RODA TRASEIRA<br \/>\n&#8211; CAPACIDADE DE 120KG<br \/>\n&#8211; PEDAL ASSISTIDO<br \/>\n&#8211; RODAS 14&#8243; X 2.5<br \/>\n&#8211; PESO 53KG<br \/>\n&#8211; FREIO TAMBOR DIANTEIRO E TRASEIRO<br \/>\n&#8211; TAMANHO DA EMBALAGEM: 1,28M X 0,28M X 0,56M<br \/>\n&#8211; 3 ESTAGIOS DE VELOCIDADES<br \/>\n&#8211; FAROL EM LED COM LONGO ALCANCE<br \/>\n&#8211; CESTA PARA PORTAR OBJETOS<br \/>\n&#8211; SUSPENS\u00c3O DIANTEIRA E TRASEIRA<br \/>\n&#8211; AUTONOMIA DE AT\u00c9 50KM, PODENDO VARIAR DE ACORDO COM O PESO DO CONDUTOR, INCLINA\u00c7\u00c3O DA VIA E VELOCIDADE EMPREGADA<br \/>\n&#8211; A AUTONOMIA PODE SER SUPERIOR COM O USO DOS PEDAIS AO PILOTAR<br \/>\n&#8211; TEMPO MINIMO DE RECARGA 8 HORAS<br \/>\n&#8211; ARO 14 POLEGADAS<br \/>\n&#8211; MONTAGEM F\u00c1CIL<br \/>\n&#8211; APOIO DOS P\u00c9S PARA CARONA<br \/>\n&#8211; INFORMA\u00c7\u00d5ES IMPORTANTES:<br \/>\n&#8211; PODE SER UTILIZADO EM CHUVAS DE MENOR INTENSIDADE<br \/>\n&#8211; PARA LIMPEZA UTILIZE UM PANO \u00daMIDO<br \/>\n&#8211; DESIGN\u00a0MODERNO<\/p>\n","protected":false},"excerpt":{"rendered":"<p>&#8216;- FORCA DO MOTOR: 500W &#8211; BATERIA 48V\/20AH &#8211; PAINEL LCD DISPLAY MULTI-FUN COES &#8211; SETAS DIANTEIRAS E TRASEIRAS &#8211; ALARME COM CONTROLE REMOTO ANTI-FURTO &#8211; TRAVA ANTI FURTO NA RODA TRASEIRA &#8211; CAPACIDADE DE 120KG &#8211; PEDAL ASSISTIDO &#8211; RODAS 14&#8243; X 2.5 &#8211; PESO 53KG &#8211; FREIO TAMBOR DIANTEIRO E TRASEIRO &#8211; TAMANHO [&#8230;]\n","protected":false},"featured_media":1231,"template":"","meta":[],"product_brand":[],"product_cat":[102],"product_tag":[],"class_list":{"0":"post-1177","1":"product","2":"type-product","3":"status-publish","4":"has-post-thumbnail","6":"product_cat-scooter-500-wts","8":"first","9":"instock","10":"shipping-taxable","11":"purchasable","12":"product-type-simple"},"_links":{"self":[{"href":"https:\/\/maximaeletrobikes.com.br\/curitiba\/wp-json\/wp\/v2\/product\/1177","targetHints":{"allow":["GET"]}}],"collection":[{"href":"https:\/\/maximaeletrobikes.com.br\/curitiba\/wp-json\/wp\/v2\/product"}],"about":[{"href":"https:\/\/maximaeletrobikes.com.br\/curitiba\/wp-json\/wp\/v2\/types\/product"}],"wp:featuredmedia":[{"embeddable":true,"href":"https:\/\/maximaeletrobikes.com.br\/curitiba\/wp-json\/wp\/v2\/media\/1231"}],"wp:attachment":[{"href":"https:\/\/maximaeletrobikes.com.br\/curitiba\/wp-json\/wp\/v2\/media?parent=1177"}],"wp:term":[{"taxonomy":"product_brand","embeddable":true,"href":"https:\/\/maximaeletrobikes.com.br\/curitiba\/wp-json\/wp\/v2\/product_brand?post=1177"},{"taxonomy":"product_cat","embeddable":true,"href":"https:\/\/maximaeletrobikes.com.br\/curitiba\/wp-json\/wp\/v2\/product_cat?post=1177"},{"taxonomy":"product_tag","embeddable":true,"href":"https:\/\/maximaeletrobikes.com.br\/curitiba\/wp-json\/wp\/v2\/product_tag?post=1177"}],"curies":[{"name":"wp","href":"https:\/\/api.w.org\/{rel}","templated":true}]}}