{"id":1213,"date":"2024-03-12T20:22:08","date_gmt":"2024-03-12T23:22:08","guid":{"rendered":"https:\/\/maximaeletrobikes.com.br\/curitiba\/?post_type=product&#038;p=1213"},"modified":"2026-03-18T23:28:51","modified_gmt":"2026-03-19T02:28:51","slug":"scooter-eletrica-800w","status":"publish","type":"product","link":"https:\/\/maximaeletrobikes.com.br\/curitiba\/produto\/scooter-eletrica-800w\/","title":{"rendered":"Scooter Eletrica 1000w"},"content":{"rendered":"<p>Scooter wd2<br \/>\n1000 wts de pot\u00eancia<br \/>\nBateria de L\u00edtio remov\u00edvel<br \/>\nAutonomia 50 KM<br \/>\nVelocidade 32\/ 50 h<br \/>\nSuporta 180 kg<br \/>\nAlarme controle remoto<br \/>\nN\u00e3o precisa habilita\u00e7\u00e3o<\/p>\n","protected":false},"excerpt":{"rendered":"<p>Scooter wd2 1000 wts de pot\u00eancia Bateria de L\u00edtio remov\u00edvel Autonomia 50 KM Velocidade 32\/ 50 h Suporta 180 kg Alarme controle remoto N\u00e3o precisa habilita\u00e7\u00e3o<\/p>\n","protected":false},"featured_media":1362,"template":"","meta":[],"product_brand":[],"product_cat":[106],"product_tag":[],"class_list":{"0":"post-1213","1":"product","2":"type-product","3":"status-publish","4":"has-post-thumbnail","6":"product_cat-scooter-1000w","8":"first","9":"instock","10":"shipping-taxable","11":"purchasable","12":"product-type-simple"},"_links":{"self":[{"href":"https:\/\/maximaeletrobikes.com.br\/curitiba\/wp-json\/wp\/v2\/product\/1213","targetHints":{"allow":["GET"]}}],"collection":[{"href":"https:\/\/maximaeletrobikes.com.br\/curitiba\/wp-json\/wp\/v2\/product"}],"about":[{"href":"https:\/\/maximaeletrobikes.com.br\/curitiba\/wp-json\/wp\/v2\/types\/product"}],"wp:featuredmedia":[{"embeddable":true,"href":"https:\/\/maximaeletrobikes.com.br\/curitiba\/wp-json\/wp\/v2\/media\/1362"}],"wp:attachment":[{"href":"https:\/\/maximaeletrobikes.com.br\/curitiba\/wp-json\/wp\/v2\/media?parent=1213"}],"wp:term":[{"taxonomy":"product_brand","embeddable":true,"href":"https:\/\/maximaeletrobikes.com.br\/curitiba\/wp-json\/wp\/v2\/product_brand?post=1213"},{"taxonomy":"product_cat","embeddable":true,"href":"https:\/\/maximaeletrobikes.com.br\/curitiba\/wp-json\/wp\/v2\/product_cat?post=1213"},{"taxonomy":"product_tag","embeddable":true,"href":"https:\/\/maximaeletrobikes.com.br\/curitiba\/wp-json\/wp\/v2\/product_tag?post=1213"}],"curies":[{"name":"wp","href":"https:\/\/api.w.org\/{rel}","templated":true}]}}