{"id":1303,"date":"2024-07-29T15:44:09","date_gmt":"2024-07-29T18:44:09","guid":{"rendered":"https:\/\/maximaeletrobikes.com.br\/curitiba\/?post_type=product&#038;p=1303"},"modified":"2026-03-18T23:28:54","modified_gmt":"2026-03-19T02:28:54","slug":"scooter-1000w-5","status":"publish","type":"product","link":"https:\/\/maximaeletrobikes.com.br\/curitiba\/produto\/scooter-1000w-5\/","title":{"rendered":"Scooter X12\u00a01000w"},"content":{"rendered":"<p>X12 de 1000w<br \/>\nVelocidade 32h<br \/>\nAutonomia 50km<br \/>\nAlarme com controle remoto<br \/>\nSuporta ate 180kg<br \/>\nN\u00e3o precisa habilita\u00e7\u00e3o<br \/>\nBateria deL\u00edtio<\/p>\n<p>Com Marcha R\u00e9<\/p>\n<p>Caixa de som com bluetooth<\/p>\n<p>&nbsp;<\/p>\n<p>Entre em contato pelo whatsapp 41 99628 7466- ou acesse www.maximaeletrobikes.com.br\/curitiba\/<\/p>\n","protected":false},"excerpt":{"rendered":"<p>X12 de 1000w Velocidade 32h Autonomia 50km Alarme com controle remoto Suporta ate 180kg N\u00e3o precisa habilita\u00e7\u00e3o Bateria deL\u00edtio Com Marcha R\u00e9 Caixa de som com bluetooth &nbsp; Entre em contato pelo whatsapp 41 99628 7466- ou acesse www.maximaeletrobikes.com.br\/curitiba\/<\/p>\n","protected":false},"featured_media":1308,"template":"","meta":[],"product_brand":[],"product_cat":[106],"product_tag":[],"class_list":{"0":"post-1303","1":"product","2":"type-product","3":"status-publish","4":"has-post-thumbnail","6":"product_cat-scooter-1000w","8":"first","9":"instock","10":"shipping-taxable","11":"purchasable","12":"product-type-simple"},"_links":{"self":[{"href":"https:\/\/maximaeletrobikes.com.br\/curitiba\/wp-json\/wp\/v2\/product\/1303","targetHints":{"allow":["GET"]}}],"collection":[{"href":"https:\/\/maximaeletrobikes.com.br\/curitiba\/wp-json\/wp\/v2\/product"}],"about":[{"href":"https:\/\/maximaeletrobikes.com.br\/curitiba\/wp-json\/wp\/v2\/types\/product"}],"wp:featuredmedia":[{"embeddable":true,"href":"https:\/\/maximaeletrobikes.com.br\/curitiba\/wp-json\/wp\/v2\/media\/1308"}],"wp:attachment":[{"href":"https:\/\/maximaeletrobikes.com.br\/curitiba\/wp-json\/wp\/v2\/media?parent=1303"}],"wp:term":[{"taxonomy":"product_brand","embeddable":true,"href":"https:\/\/maximaeletrobikes.com.br\/curitiba\/wp-json\/wp\/v2\/product_brand?post=1303"},{"taxonomy":"product_cat","embeddable":true,"href":"https:\/\/maximaeletrobikes.com.br\/curitiba\/wp-json\/wp\/v2\/product_cat?post=1303"},{"taxonomy":"product_tag","embeddable":true,"href":"https:\/\/maximaeletrobikes.com.br\/curitiba\/wp-json\/wp\/v2\/product_tag?post=1303"}],"curies":[{"name":"wp","href":"https:\/\/api.w.org\/{rel}","templated":true}]}}